tor of j and 18.
18
Let c(t) = -1 - t - 2 + 1. Let i be c(0). Let o(w) = 5*w**2 + w + 1. Let m be o(i). Calculate the highest common factor of m and 38.
19
Let m be (-1)/(((-20)/(-364))/(-5)). Let q be 93/7 + (-4)/14. Calculate the greatest common factor of m and q.
13
Let m(q) = -q**3 - 12*q**2 - 13*q - 6. Let s be m(-11). Calculate the highest common divisor of 1 and s.
1
Let v = 147 - 77. What is the highest common factor of v and 10?
10
Let k be 5/(-1)*(-4)/(-10). Let j be k/(-8) - 15/(-4). Let w be (-1 + 5)/((-4)/(-8)). Calculate the greatest common divisor of j and w.
4
Let k = -29 + 44. Let r = k - -1. Calculate the greatest common divisor of 2 and r.
2
Suppose -2*u + 2*o + 60 = 0, 4*u + 0*o = -5*o + 102. Calculate the highest common divisor of u and 42.
14
Let o be -12*-2*(-3)/(-24). What is the highest common factor of o and 33?
3
Suppose 5*f - 191 = 5*k + 89, 0 = -4*k - 20. What is the greatest common divisor of f and 255?
51
Let g = -11 - -23. Calculate the highest common divisor of g and 8.
4
Suppose -3*g + g + 19 = -3*c, -g + 4*c = -22. What is the highest common divisor of g and 16?
2
Suppose 34 = -p - p - 2*r, 0 = -p - 2*r - 13. Let v = 38 + p. Let b = -12 - -80. Calculate the highest common divisor of v and b.
17
Let u = 10 + -9. Let a be u/2 - (-44)/8. What is the highest common factor of a and 2?
2
Let y = -10 + 42. Calculate the highest common divisor of 16 and y.
16
Suppose q + 3*d + 13 = -0*q, 2*q + d = -6. Let i = q + 10. Calculate the highest common divisor of 9 and i.
9
Let f(x) = 4*x**3 + 8*x + x**3 - 6*x**3 + 4*x**2 - 5. Let p be f(5). Let h be (-15)/4*320/(-24). Calculate the greatest common divisor of h and p.
10
Let j be (-141)/(-21)*1 + (-4)/(-14). What is the highest common divisor of j and 14?
7
Suppose 4*n + 20 = -0*n. Let j = -5 - n. Let m be (60/4)/(1 - j). Calculate the highest common divisor of 15 and m.
15
Let y be ((-28)/5)/((-3)/90). Calculate the highest common factor of y and 21.
21
Suppose 5*a - 4*k - 63 = 0, -7*a + 3*k = -11*a + 69. Calculate the greatest common divisor of 15 and a.
15
Let n be -2 + 0 + 14/(-2). Let q = 18 + n. What is the greatest common factor of q and 81?
9
Let c(a) = -5 + a + 0 + 1. Suppose 0 = -k - 5*p + 20, -2*k + 3 = -3*p + 2. Let i be c(k). What is the greatest common divisor of 11 and i?
1
Suppose 24 = -4*j + 6*j. Let b(g) = 11*g**2 - 2*g + 3. Let z be b(1). Calculate the highest common divisor of z and j.
12
Suppose -2*g - q = -15, -6*g + q + 27 = -2*g. Let s = 1 - -6. Calculate the highest common factor of g and s.
7
Suppose 1 + 1 = 2*t, 2*t = 5*s - 118. What is the greatest common divisor of 16 and s?
8
Let h = 66 + 44. What is the highest common divisor of h and 10?
10
Let c be 0/(2 + -1 + 0). Suppose 3*p = j + 33, -3*p + 4*p + 2*j - 4 = c. What is the greatest common divisor of 25 and p?
5
Let u = -28 - -6. Let n = -9 - u. What is the highest common divisor of n and 13?
13
Suppose -4*g + 296 = -2*b, 4*b = -5*g + 3*b + 377. What is the greatest common factor of g and 25?
25
Let f(q) = -q**3 - 2*q**2 + 2*q + 5. Let r be f(-3). Suppose 505 = 5*d + 5*o, 0*o = 4*o - r. Calculate the greatest common factor of d and 9.
9
Let g be (12/18)/(1/3). Let k be 36/2*(-4 + 5). What is the greatest common divisor of g and k?
2
Let y be ((-100)/15 + 4)*-3. What is the highest common factor of 20 and y?
4
Let z(c) = 2*c - 1. Let y be z(-3). Let t = 16 + y. What is the greatest common divisor of t and 1?
1
Let g = 3 - -7. Let f(h) = 9*h**2 + 14*h + 2. Let s be f(-4). Calculate the highest common factor of s and g.
10
Let k(f) = 8*f. Let u(l) = -l**2 + 5*l - 1. Let r be u(4). Let v be k(r). What is the greatest common factor of v and 36?
12
Suppose 158 = 4*d - k, -d = -0*d - 5*k - 49. Suppose 6*f - 2*f = 52. Calculate the greatest common divisor of d and f.
13
Let r be 31 + 5 + (-3 - 0). Let h(c) = -c**2 - 3*c + 3. Let n be h(-3). Suppose -4*k - 14 = -s, n*s - k - 62 = k. What is the highest common factor of r and s?
11
Let r be (0 + -1)*-1*1. Suppose 10 + 0 = 5*l. Suppose -4 = -l*u - 2. Calculate the greatest common divisor of u and r.
1
Let n(s) = s**2 + 3*s + 2. Let z be n(-2). Suppose z = j + j - 70. Suppose -j - 56 = -t. What is the highest common factor of 13 and t?
13
Suppose a - 2*s - 32 = 0, -4*a + 25 + 87 = -4*s. Let t be (-62 - 2)/((-1)/3). Calculate the highest common factor of t and a.
24
Suppose 0 = -4*w + 4, 0 = -4*l - 3*w - w + 356. Let k(m) = 1 + m**2 - 2 - 4. Let o be k(4). Calculate the highest common factor of o and l.
11
Suppose 3*d + 0*d = -5*l + 2, 5*l = 5*d - 30. Let q(v) = -8*v**3 + 2*v**2 + 3*v + 2. Let k be q(l). Calculate the greatest common factor of 17 and k.
17
Let b(f) = f**3 - 2*f**2 - f + 2. Let s be b(3). What is the greatest common factor of 8 and s?
8
Let g(h) = h**2 + 3*h + 3. Let r be 2 + 6/(-1) + 2. Let z be g(r). Let n be (0 - z)*(-25)/5. What is the highest common factor of n and 30?
5
Suppose -25 = -3*c + 29. What is the highest common factor of 18 and c?
18
Let l(c) = -c**3 - 11*c**2 + 12*c + 17. Let b be l(-12). Suppose 3*z = -5*j + 167, 5*j + z - 74 = 95. What is the greatest common factor of b and j?
17
Let m(p) = 4*p - 6. Let j be m(5). Let k = j - 9. Suppose -4*u - k*b = -135, -2*u = -0*u + 4*b - 66. Calculate the greatest common divisor of u and 7.
7
Suppose 3*f - 15 - 15 = 0. Let q = 208 - 203. What is the greatest common divisor of q and f?
5
Suppose 0 = 2*r + 8*r - 110. Let a(s) = s**2 + 1. Let d(f) = f**2 - 8*f. Let u be d(8). Let i be a(u). What is the highest common factor of i and r?
1
Let y(q) = -22*q - 2. Let g be y(-2). Let s be (-1)/(-2) + 875/14. Calculate the highest common divisor of g and s.
21
Suppose 6*i + 2 = -10. Let h(m) be the second derivative of -2*m**3/3 + m**2 - m. Let u be h(i). What is the greatest common divisor of u and 4?
2
Suppose -3*n + 16 = -d, 0*n - 5*d = 3*n - 10. Let k = n + -3. Suppose 0 = k*g - g - 14. What is the greatest common factor of 28 and g?
14
Suppose 2*i + 126 = 20*i. What is the highest common divisor of i and 49?
7
Suppose 0 = -5*w - 3*y + 1878, -3*w + y = 2*y - 1130. Suppose 83 = a - 142. Let n = w - a. What is the highest common factor of n and 17?
17
Suppose -10*i = -11*i - 22. Let p = i - -74. Let g(x) = x**3 - 2*x**2 - 5*x + 1. Let k be g(4). What is the greatest common divisor of k and p?
13
Let l be ((-7)/(-3) + 0)*6. Let h(g) = g**3 - 2*g**2 - 3*g + 1. Let s be h(4). Calculate the highest common factor of l and s.
7
Suppose a - 6*a + 3*j + 321 = 0, -342 = -5*a - 4*j. What is the greatest common divisor of 165 and a?
33
Let q(v) = v**3 + 6*v**2 + 3*v + 5. Let r be q(-5). Suppose 0 = -i + 10 - 0. Calculate the highest common divisor of i and r.
5
Let g = 11 - 7. Suppose 6 = -y - g. Let p(h) = h + 19. Let m be p(y). What is the greatest common divisor of m and 1?
1
Let n = 2 - -4. Let f be n*2*(-15)/(-9). Calculate the highest common factor of 50 and f.
10
Suppose 60*x + 70 = 65*x. Calculate the highest common factor of x and 21.
7
Let w = 6 + -11. Let r = 60 - w. Calculate the highest common factor of 13 and r.
13
Let l be (6/(-9))/(6/(-108)). Let x be -10 - (-4 - 2*-1). Let t = x + l. Calculate the highest common factor of t and 44.
4
Let i = 18 + -12. What is the greatest common factor of 2 and i?
2
Suppose -3*p + 5*b + 290 = 2*p, -5*b = 0. Let j = p + -6. Suppose 3*z = 3*v + 36, z = -5*v + 4 + 14. Calculate the highest common factor of z and j.
13
Suppose -3*u + n = -2*n - 432, 5*u + 4*n - 720 = 0. What is the greatest common divisor of u and 12?
12
Let q = 3 - -9. What is the highest common divisor of 6 and q?
6
Let y be -6 + 56 - 1*-2. Let h(k) = k**3 + 6*k**2 - k + 7. Let l be h(-6). What is the greatest common factor of y and l?
13
Let o(s) = 4 + s**3 + s + 0*s + 10*s**2 + 6 + 1. Let n be o(-10). Calculate the highest common factor of n and 5.
1
Suppose -4*s - n - 15 - 13 = 0, -5*s - n = 35. Let f be (s - -3) + 3 - -57. What is the greatest common divisor of f and 8?
8
Let p(x) = -5*x + 1. Let o be p(-2). Let b = 22 - o. Calculate the highest common factor of 44 and b.
11
Let z(f) = -7*f**2 - 7*f + 9. Let c(k) = -6*k**2 - 7*k + 9. Let p(w) = 6*c(w) - 5*z(w). Let j be p(-8). Calculate the greatest common divisor of 8 and j.
1
Let o = -28 + 40. Suppose -4*u + 48 = -0*u. What i